{"id":51,"date":"2018-05-28T23:25:43","date_gmt":"2018-05-28T21:25:43","guid":{"rendered":"http:\/\/loeilduse.fr\/?page_id=51"},"modified":"2020-04-12T19:31:00","modified_gmt":"2020-04-12T17:31:00","slug":"info-sur-loeil-du-se","status":"publish","type":"page","link":"https:\/\/loeilduse.fr\/?page_id=51&lang=fr","title":{"rendered":"L&#8217;Oeil du SE ?"},"content":{"rendered":"<p style=\"text-align: justify;\"><img loading=\"lazy\" decoding=\"async\" class=\"size-medium wp-image-16 aligncenter\" src=\"http:\/\/loeilduse.fr\/wp-content\/uploads\/2018\/05\/WhatsApp-Image-2018-05-23-at-21.39.04-1-300x195.jpeg\" alt=\"\" width=\"300\" height=\"195\" srcset=\"https:\/\/loeilduse.fr\/wp-content\/uploads\/2018\/05\/WhatsApp-Image-2018-05-23-at-21.39.04-1-300x195.jpeg 300w, https:\/\/loeilduse.fr\/wp-content\/uploads\/2018\/05\/WhatsApp-Image-2018-05-23-at-21.39.04-1-768x499.jpeg 768w, https:\/\/loeilduse.fr\/wp-content\/uploads\/2018\/05\/WhatsApp-Image-2018-05-23-at-21.39.04-1-1024x665.jpeg 1024w, https:\/\/loeilduse.fr\/wp-content\/uploads\/2018\/05\/WhatsApp-Image-2018-05-23-at-21.39.04-1.jpeg 1599w\" sizes=\"(max-width: 300px) 100vw, 300px\" \/><\/p>\n<p style=\"text-align: justify;\"><span style=\"font-family: trebuchet ms, geneva, sans-serif;\">La majorit\u00e9 des connaissances que l\u2019on a, on les a apprises de quelqu\u2019un.<\/span><\/p>\n<p style=\"text-align: justify;\"><span style=\"font-family: trebuchet ms, geneva, sans-serif;\">C\u2019est pourquoi je cr\u00e9\u00e9 ce blog\u00a0: partager des informations pertinentes et utiles avec d\u2019autres personnes. Ils existent plusieurs blogs informatiques mais la plupart sont soit tr\u00e8s techniques ou soit trop \u00ab\u00a0marketing\u00a0\u00bb, il y a un gap pour ceux qui veulent dans un premier temps se faire une id\u00e9e sur des solutions sans pour autant vouloir les d\u00e9cortiquer d\u00e8s le d\u00e9but.<\/span><\/p>\n<p style=\"text-align: justify;\"><span style=\"font-family: trebuchet ms, geneva, sans-serif;\">L\u2019objectif de celui-ci est de d\u00e9crire au travers d\u2019articles courts, les int\u00e9r\u00eats de certaines solutions informatique en faisant ressortir les r\u00e9els avantages constat\u00e9s par les clients. Il permettra de se faire rapidement une id\u00e9e sur la pertinence d\u2019une solution pour un contexte donn\u00e9.<\/span><\/p>\n<p style=\"text-align: justify;\"><span style=\"font-family: trebuchet ms, geneva, sans-serif;\">Bien s\u00fbr, dans les articles j\u2019aborde uniquement les solutions que je propose \u00e0 mes clients et si ces derniers acceptent, je les inviterai \u00e0 les enrichir avec leurs t\u00e9moignages.<\/span><\/p>\n<p style=\"text-align: justify;\"><span style=\"font-family: trebuchet ms, geneva, sans-serif;\">Les articles ont pour forme la question \u00ab\u00a0pourquoi\u00a0\u00bb et\/ou \u00ab\u00a0en quoi\u00a0\u00bb,\u00a0<u>pourquoi\u00a0<\/u>devrais-je choisir cette solution et\u00a0<u>en quoi\u00a0<\/u>elle va r\u00e9pondre \u00e0 mes probl\u00e9matiques.<\/span><\/p>\n<p style=\"text-align: justify;\"><span style=\"font-family: trebuchet ms, geneva, sans-serif;\">Pour le fond, les articles sont techniques mais vulgaris\u00e9s au maximum de fa\u00e7on \u00e0 se faire une id\u00e9e sans n\u00e9cessiter de pr\u00e9requis. C\u2019est l\u2019\u0153il du SE (Systems Engineer\u00a0: Avant-Vente) g\u00e9n\u00e9raliste, avoir la vision de solutions techniques s\u2019imbriquant ensembles pour r\u00e9pondre \u00e0 une ou des probl\u00e9matiques clientes.<\/span><\/p>\n<p style=\"text-align: justify;\"><span style=\"font-family: trebuchet ms, geneva, sans-serif;\">Pour r\u00e9diger mes articles de vulgarisation, je suis amen\u00e9 \u00e0 tester certains produits. C&#8217;est tr\u00e8s chronophage surtout quand \u00e7a ne fonctionne pas du premier coup. Je fais pas mal de recherche sur Internet pour voir si des posts donnent des astuces mais des fois, il faut tenter d&#8217;autres pistes. C&#8217;est pour cela que j&#8217;ai cr\u00e9\u00e9 une rubrique Astuces Techniques, j&#8217;y posterai un r\u00e9sum\u00e9 des r\u00e9sultats de mes recherches qui pourrait aider d&#8217;autres personnes.<\/span><\/p>\n<p style=\"text-align: justify;\"><span style=\"font-family: trebuchet ms, geneva, sans-serif;\">L&#8217;oeil du SE est un blog personnel et les articles publi\u00e9s refl\u00e8tent uniquement mes points de vus et pas n\u00e9cessairement ceux de la soci\u00e9t\u00e9 pour laquelle je travaille ou pour celles o\u00f9 j\u2019ai travaill\u00e9.<\/span><\/p>\n","protected":false},"excerpt":{"rendered":"<p>La majorit\u00e9 des connaissances que l\u2019on a, on les a apprises de quelqu\u2019un. C\u2019est pourquoi je cr\u00e9\u00e9 ce blog\u00a0: partager des informations pertinentes et utiles avec d\u2019autres personnes. Ils existent plusieurs blogs informatiques mais la plupart sont soit tr\u00e8s techniques ou soit trop \u00ab\u00a0marketing\u00a0\u00bb, il y a un gap pour ceux qui veulent dans un<\/p><\/div>\n<div class=\"blog-btn\"><a href=\"https:\/\/loeilduse.fr\/?page_id=51&#038;lang=fr\" class=\"home-blog-btn\">Lire la suite<\/a><\/p>\n","protected":false},"author":1,"featured_media":0,"parent":0,"menu_order":0,"comment_status":"closed","ping_status":"closed","template":"","meta":{"footnotes":""},"post_mailing_queue_ids":[],"_links":{"self":[{"href":"https:\/\/loeilduse.fr\/index.php?rest_route=\/wp\/v2\/pages\/51"}],"collection":[{"href":"https:\/\/loeilduse.fr\/index.php?rest_route=\/wp\/v2\/pages"}],"about":[{"href":"https:\/\/loeilduse.fr\/index.php?rest_route=\/wp\/v2\/types\/page"}],"author":[{"embeddable":true,"href":"https:\/\/loeilduse.fr\/index.php?rest_route=\/wp\/v2\/users\/1"}],"replies":[{"embeddable":true,"href":"https:\/\/loeilduse.fr\/index.php?rest_route=%2Fwp%2Fv2%2Fcomments&post=51"}],"version-history":[{"count":8,"href":"https:\/\/loeilduse.fr\/index.php?rest_route=\/wp\/v2\/pages\/51\/revisions"}],"predecessor-version":[{"id":145,"href":"https:\/\/loeilduse.fr\/index.php?rest_route=\/wp\/v2\/pages\/51\/revisions\/145"}],"wp:attachment":[{"href":"https:\/\/loeilduse.fr\/index.php?rest_route=%2Fwp%2Fv2%2Fmedia&parent=51"}],"curies":[{"name":"wp","href":"https:\/\/api.w.org\/{rel}","templated":true}]}}